isor of 79064016 and 8208?
912
What is the greatest common factor of 2352003 and 322447?
89
Calculate the highest common factor of 15741611 and 1076.
269
Calculate the greatest common divisor of 12367622 and 824.
206
Calculate the highest common factor of 49087971 and 6453.
6453
What is the greatest common divisor of 67383 and 51?
3
What is the greatest common factor of 589 and 11401273?
589
What is the greatest common divisor of 10471 and 2629919?
283
Calculate the greatest common divisor of 79745 and 88355.
205
What is the highest common divisor of 10604 and 52249282?
482
What is the greatest common divisor of 46040 and 329186?
2302
What is the highest common divisor of 77714706 and 1023?
93
Calculate the highest common factor of 653994 and 2866050.
594
Calculate the highest common factor of 10373820 and 5.
5
What is the highest common divisor of 27202 and 188471?
1943
What is the highest common divisor of 90090 and 45952830?
6930
Calculate the greatest common divisor of 128 and 33988144.
16
What is the greatest common factor of 29908816 and 112?
112
What is the greatest common factor of 1313037 and 70736?
4421
What is the highest common divisor of 37733007 and 324453?
8769
Calculate the highest common divisor of 50778 and 47922714.
3906
What is the highest common factor of 1472 and 24722424?
184
Calculate the highest common divisor of 82452171 and 69.
69
Calculate the highest common divisor of 135762 and 20298.
102
What is the greatest common factor of 4266 and 35162268?
474
What is the greatest common divisor of 26158 and 4017508?
902
Calculate the greatest common divisor of 623501019 and 1563.
1563
Calculate the greatest common factor of 14 and 91382116.
14
Calculate the greatest common factor of 76042 and 8274.
394
Calculate the greatest common factor of 104 and 2185864.
8
What is the highest common divisor of 91096 and 251576?
472
What is the highest common divisor of 790 and 150038222?
158
Calculate the greatest common factor of 1701 and 152543979.
1701
Calculate the greatest common divisor of 230 and 8654470.
10
Calculate the greatest common factor of 57 and 216731233.
19
What is the highest common factor of 1590750 and 483840?
630
What is the highest common factor of 74965 and 21359855?
2585
Calculate the highest common factor of 69968 and 8784.
16
What is the highest common factor of 12994 and 156818?
178
Calculate the greatest common divisor of 56019 and 59427.
213
What is the greatest common divisor of 1344 and 1094212?
28
What is the greatest common factor of 93002 and 21170?
146
Calculate the greatest common divisor of 72 and 178046056.
8
What is the highest common divisor of 10 and 7867355?
5
What is the highest common factor of 14561376 and 8?
8
What is the highest common divisor of 11452 and 2128?
28
Calculate the greatest common factor of 51121940 and 30245.
1315
Calculate the greatest common divisor of 86621750 and 31000.
7750
Calculate the highest common divisor of 1309 and 2155566.
119
Calculate the highest common divisor of 2853723970 and 10.
10
Calculate the greatest common divisor of 6311102529 and 57.
57
Calculate the highest common divisor of 180673758 and 20451.
1203
What is the greatest common divisor of 13 and 2090577424?
13
Calculate the highest common divisor of 4580937 and 2301.
177
Calculate the greatest common factor of 12627 and 10762413.
4209
What is the greatest common divisor of 347945 and 1024645?
505
Calculate the highest common divisor of 32996698 and 67958.
6178
What is the greatest common divisor of 50176 and 273224?
392
Calculate the highest common divisor of 40002 and 54692.
226
What is the highest common factor of 33 and 33525712?
11
Calculate the highest common factor of 236809643 and 602.
301
What is the highest common factor of 338280 and 1032?
24
Calculate the highest common divisor of 676728 and 11469913.
3133
Calculate the greatest common divisor of 17900349 and 432243.
6861
What is the greatest common factor of 96675 and 3015?
15
Calculate the highest common factor of 10020204 and 88236.
1548
What is the greatest common factor of 189 and 339955?
7
Calculate the highest common divisor of 1588 and 24764.
4
Calculate the highest common divisor of 203414 and 24442.
202
Calculate the highest common divisor of 144 and 1268088.
24
Calculate the greatest common divisor of 12988 and 281343.
191
Calculate the highest common factor of 51 and 1405683.
3
Calculate the highest common divisor of 183232434 and 2541.
231
Calculate the highest common factor of 163637370 and 3510.
1170
What is the greatest common divisor of 131823256 and 415?
83
What is the greatest common divisor of 1705 and 198865?
155
Calculate the highest common factor of 158016 and 7104.
192
What is the greatest common divisor of 815270 and 30?
10
What is the highest common factor of 81853835 and 10045?
1435
What is the greatest common factor of 9595210 and 20?
10
What is the highest common factor of 459721990 and 182?
182
Calculate the highest common factor of 12779584 and 32.
32
What is the greatest common divisor of 199188 and 11569?
503
What is the highest common divisor of 39966168 and 836?
44
Calculate the greatest common divisor of 15813941 and 33.
11
What is the highest common divisor of 1107329 and 34?
17
Calculate the highest common factor of 2155 and 2824343.
431
What is the greatest common factor of 528 and 5969184?
48
Calculate the highest common divisor of 17765400 and 4785.
435
Calculate the greatest common factor of 2718 and 70531194.
906
Calculate the highest common divisor of 588 and 4504794.
42
Calculate the highest common factor of 29159 and 1027294.
2243
Calculate the greatest common factor of 30295 and 575190.
415
What is the highest common factor of 10009466 and 744?
62
Calculate the greatest common divisor of 12225120 and 9040.
80
Calculate the greatest common factor of 12 and 616293042.
6
What is the highest common divisor of 48111 and 4286461?
2291
What is the greatest common divisor of 12166 and 770322?
14
What is the highest common divisor of 851 and 412988?
23
Calculate the greatest common divisor of 471537 and 1631927.
121
Calculate the greatest common factor of 36312 and 31362888.
2136
What is the greatest common factor of 104440 and 1038432?
2984
Calculate the greatest common factor of 664110525 and 132600.
16575
What is the greatest common divisor of 1193777 and 54937?
401
What is the highest common factor of 24 and 166093812?
12
Calculate the greatest common divisor of 1430 and 279609.
11
Calculate the highest common factor of 269 and 40167887.
269
Calculate the greatest common divisor of 10240 and 220760.
40
What is the greatest common factor of 8160395 and 14?
1
Calculate the highest common divisor of 446 and 88907647.
223
What is the highest common factor of 2650601 and 19540?
977
What is the highest common factor of 91 and 80236351?
13
Calculate the greatest common divisor of 196562 and 783.
29
What is the highest common factor of 939074 and 54913?
617
Calculate the highest common factor of 126182809 and 3986.
1993
Calculate the greatest common factor of 1128 and 4400610.
282
What is the highest common divisor of 5918 and 385539946?
5918
Calculate the greatest common factor of 22 and 69774826.
22
What is the greatest common factor of 1794 and 108349458?
138
Calculate the greatest common divisor of 85 and 8696078.
17
Calculate the highest common factor of 160 and 21056320.
160
Calculate the greatest common divisor of 89539945 and 54215.
7745
What is the greatest common divisor of 2033 and 71387297?
107
Calculate the highest common factor of 1178 and 122506110.
1178
What is the greatest common factor of 142701 and 13494?
39
Calculate the highest common factor of 2162 and 12513196.
46
What is the greatest common factor of 295487181 and 31023?
3447
Calculate the greatest common factor of 435 and 6616640.
145
Calculate the highest common divisor of 1343 and 23498234.
79
What is the greatest common divisor of 9982590 and 240?
30
What is the highest common factor of 57 and 2076931230?
57
What is the greatest common divisor of 68929 and 74648?
301
What is the highest common divisor of 43282 and 12864?
134
Calculate the highest common divisor of 425 and 194713835.
85
Calculate the highest common factor o